he hundreds digit of 7983?
9
What is the hundreds digit of 84543?
5
What is the hundreds digit of 5496?
4
What is the tens digit of 825?
2
What is the units digit of 6492?
2
What is the hundreds digit of 9754?
7
What is the tens digit of 8062?
6
What is the ten thousands digit of 10541?
1
What is the hundreds digit of 94217?
2
What is the hundreds digit of 256?
2
What is the hundreds digit of 914?
9
What is the thousands digit of 3721?
3
What is the units digit of 14345?
5
What is the units digit of 22189?
9
What is the hundreds digit of 3808?
8
What is the tens digit of 32713?
1
What is the units digit of 748?
8
What is the tens digit of 23371?
7
What is the hundreds digit of 452?
4
What is the tens digit of 1281?
8
What is the thousands digit of 21520?
1
What is the hundreds digit of 60092?
0
What is the thousands digit of 46114?
6
What is the units digit of 1565?
5
What is the tens digit of 59381?
8
What is the ten thousands digit of 33221?
3
What is the thousands digit of 1048?
1
What is the units digit of 97217?
7
What is the hundreds digit of 81094?
0
What is the tens digit of 24981?
8
What is the tens digit of 2363?
6
What is the hundreds digit of 403?
4
What is the hundreds digit of 49474?
4
What is the units digit of 447?
7
What is the tens digit of 2166?
6
What is the thousands digit of 2346?
2
What is the thousands digit of 1640?
1
What is the hundreds digit of 6645?
6
What is the tens digit of 9931?
3
What is the units digit of 27746?
6
What is the thousands digit of 7654?
7
What is the thousands digit of 5184?
5
What is the hundreds digit of 3443?
4
What is the hundreds digit of 837?
8
What is the tens digit of 6253?
5
What is the hundreds digit of 306?
3
What is the units digit of 35025?
5
What is the units digit of 479?
9
What is the units digit of 1549?
9
What is the units digit of 160145?
5
What is the hundreds digit of 22785?
7
What is the tens digit of 17788?
8
What is the ten thousands digit of 51932?
5
What is the units digit of 2430?
0
What is the units digit of 27189?
9
What is the thousands digit of 9578?
9
What is the ten thousands digit of 39161?
3
What is the units digit of 71696?
6
What is the units digit of 214?
4
What is the ten thousands digit of 54045?
5
What is the units digit of 12513?
3
What is the units digit of 38?
8
What is the units digit of 624?
4
What is the tens digit of 1277?
7
What is the units digit of 2559?
9
What is the thousands digit of 1806?
1
What is the units digit of 409?
9
What is the ten thousands digit of 40136?
4
What is the hundreds digit of 914?
9
What is the units digit of 5635?
5
What is the units digit of 20830?
0
What is the units digit of 1072?
2
What is the hundreds digit of 1432?
4
What is the ten thousands digit of 31155?
3
What is the units digit of 1906?
6
What is the tens digit of 6215?
1
What is the tens digit of 1708?
0
What is the tens digit of 21?
2
What is the units digit of 16106?
6
What is the hundreds digit of 11910?
9
What is the hundreds digit of 232?
2
What is the hundreds digit of 4954?
9
What is the tens digit of 127189?
8
What is the tens digit of 1444?
4
What is the tens digit of 2323?
2
What is the thousands digit of 25952?
5
What is the units digit of 4190?
0
What is the tens digit of 889?
8
What is the hundred thousands digit of 132779?
1
What is the units digit of 131?
1
What is the units digit of 1666?
6
What is the tens digit of 25272?
7
What is the tens digit of 36332?
3
What is the tens digit of 9433?
3
What is the tens digit of 24147?
4
What is the units digit of 2644?
4
What is the hundreds digit of 60890?
8
What is the units digit of 50782?
2
What is the ten thousands digit of 12838?
1
What is the units digit of 2153?
3
What is the units digit of 14163?
3
What is the thousands digit of 25275?
5
What is the tens digit of 1062?
6
What is the thousands digit of 2115?
2
What is the ten thousands digit of 42713?
4
What is the units digit of 26472?
2
What is the ten thousands digit of 13657?
1
What is the tens digit of 2253?
5
What is the thousands digit of 38888?
8
What is the hundreds digit of 131506?
5
What is the thousands digit of 3457?
3
What is the units digit of 14543?
3
What is the thousands digit of 3640?
3
What is the units digit of 9357?
7
What is the ten thousands digit of 165298?
6
What is the hundreds digit of 642?
6
What is the tens digit of 1437?
3
What is the units digit of 11687?
7
What is the units digit of 1497?
7
What is the ten thousands digit of 31200?
3
What is the units digit of 623?
3
What is the units digit of 1190?
0
What is the tens digit of 2708?
0
What is the tens digit of 6736?
3
What is the hundreds digit of 21817?
8
What is the thousands digit of 108293?
8
What is the thousands digit of 13347?
3
What is the hundreds digit of 8769?
7
What is the tens digit of 774?
7
What is the hundreds digit of 2676?
6
What is the thousands digit of 3865?
3
What is the tens digit of 20312?
1
What is the thousands digit of 1933?
1
What is the hundreds digit of 29930?
9
What is the ten thousands digit of 20998?
2
What is the thousands digit of 5316?
5
What is the units digit of 93590?
0
What is the hundreds digit of 4677?
6
What is the thousands digit of 2287?
2
What is the tens digit of 16057?
5
What is the tens digit of 3291?
9
What is the tens digit of 144182?
8
What is the hundreds digit of 2359?
3
What is the tens digit of 33164?
6
What is the tens digit of 183?
8
What is the thousands digit of 3804?
3
What is the hundreds digit of 83152?
1
What is the units digit of 4325?
5
What is the tens digit of 148691?
9
What is the tens digit of 468?
6
What is the hundreds digit of 2314?
3
What is the tens digit of 3796?
9
What is the tens digit of 770?
7
What is the units digit of 3268?
8
What is the tens digit of 611?
1
What is the units digit of 34404?
4
What is the tens digit of 9120?
2
What is the units digit of 350?
0
What is the units digit of 9224?
4
What is the units digit of 60?
0
What is the ten thousands digit of 32442?
3
What is the units digit of 31318?
8
What is the units digit of 83884?
4
What is the hundreds digit of 1333?
3
What is the units digit of 35534?
4
What is the hundreds digit of 22263?
2
What is the ten thousands digit of 44673?
4
What is the hundreds digit of 4705?
7
What is the thousands digit of 1438?
1
What is the tens digit of 397?
9
What is the units digit of 4783?
3
What is the units digit of 462?
2
What is the hundreds digit of 2550?
5
What is the tens digit of 8770?
7
What is the hundreds digit of 23726?
7
What is the units digit of 1388?
8
What is the hundreds digit of 908?
9
What is the units digit of 2061?
1
What is the tens digit of 227?
2
What is the units digit of 1618?
8
What is the tens digit of 6832?
3
What is the thousands digit of 15332?
5
What is the hundreds digit of 25309?
3
What is the tens digit of 4437?
3
What is the tens digit of 1260?
6
What is the thousands digit of 101476?
1
What is the hundreds digit of 325?
3
What is the hundreds digit of 3026?
0
What is the hundreds digit of 6423?
4
What is the thousands digit of 16178?
6
What is the units digit of 2962?
2
What is the tens digit of 4793?
9
What is the thousands digit of 17839?
7
What is the thousands digit of 4191?
4
What is the thousands digit of 2584?
2
What is the units digit of 720?
0
What is the hundreds digit of 791?
7
What is the hundreds digit of 436?
4
What is the units digit of 34703?
3
What is the tens digit of 16425?
2
What is the tens digit of 2319?
1
What is the tens digit of 2143?
4
What is the units digit of 6782?
2
What is the hundreds digit of 1200?
2
What is the thousands digit of 1001?
1
What is the ten thousands digit of 24123?
2
What is the tens digit of 132?
3
What is the units digit of 1167?
7
What is the units digit of 27068?
8
What is the thousands digit of 22060?
2
What is the ten thousands digit of 39894?
3
What is the units digit of 16766?
6
What is the units digit of 4122?
2
What is the hundreds digit of 155?
1
What is the thousands digit of 53010?
3
What is the units digit of 2640?
0
What is the ten thousands digit of 12789?
1
What is the thousands digit of 31639?
1
What is the thousands digit of 36812?
6
What is the units digit of 7340?
0
What is the ten thousands digit of 25790?
2
What is the unit